+ v. What is the tens digit of q?
3
Suppose -5*g + 4*z + 4066 = 0, 2*g = -0*z + 5*z + 1640. What is the units digit of g?
0
Let z = 851 + -374. What is the hundreds digit of z?
4
Let g = -454 + 681. Suppose -x = 4*f - g, -233 = -x - f - 18. What is the hundreds digit of x?
2
Let l = 105 - -162. What is the tens digit of l?
6
Suppose 0 = -3*k + 5*x + 10, -2*k - 3*x = -18 - 14. What is the tens digit of k?
1
Suppose 0 = -8*f + 9833 + 2367. What is the thousands digit of f?
1
Let c be 1*-38 + -1 + 3/1. Let g = c - -45. What is the units digit of g?
9
Suppose -y = -5*y - 32. Let f = -9 - y. What is the units digit of 21 - f*(-2 - -3)?
2
What is the tens digit of (-5139)/(-21) + 30/105?
4
Let q = 106 + 34. Suppose -2*i = 2*i + q. Let s = 57 + i. What is the units digit of s?
2
Let h be (-3 + 1)*168/(-12). Suppose h = 3*p + p. Suppose 8*a = p*a + 19. What is the tens digit of a?
1
Suppose 3*i = -0*n - n + 10, 18 = 5*i + 3*n. Suppose 2*k - w = 34, 0*k = k - i*w - 12. Suppose -2*x + 8*x = k. What is the units digit of x?
3
Let g(q) be the third derivative of -q**4/24 + 13*q**3/6 + 5*q**2. Let d be g(9). Suppose d + 30 = y. What is the units digit of y?
4
Suppose -4*b = -12, -x + 3*b - 2*b = -6. Suppose -4*c = 5*m - 141, -x*c + 5*c + 41 = m. What is the units digit of m?
5
What is the tens digit of (-86)/(-20) + -4 + 9385/50?
8
Let h(g) = -11*g + 77. Let b be h(0). Suppose b = -9*y + 10*y. What is the tens digit of y?
7
Let d = -1739 - -3351. What is the units digit of d?
2
Suppose -o - 2*s = -4*o + 6719, 4*o = -4*s + 8992. What is the hundreds digit of o?
2
Let g(z) be the third derivative of -z**6/120 - 7*z**5/60 + z**4/8 - 7*z**3/6 - 3*z**2. Let w be g(-8). Let t = w - 22. What is the units digit of t?
1
Let n(a) = -a**2 - 8*a + 12. Let o be n(-9). Suppose -4*r = -o*r - 146. What is the hundreds digit of r?
1
Let g = -9 - -4. Let r(s) = s**2 + 3*s + 2. Let d be r(g). Let c(l) = l**2 - 11*l - 9. What is the units digit of c(d)?
3
Suppose b - 628 = 3*b. Let c = b - -575. What is the hundreds digit of c?
2
Let l be 1/((-12)/8)*-6. Suppose -3*i = 5*b - 278, 0*i - l*i + 394 = -5*b. What is the units digit of i?
6
Suppose -2 = -4*v + 3*v. Let n(g) = -13. Let i(u) = u - 39. Let m(x) = v*i(x) - 7*n(x). What is the units digit of m(17)?
7
Let l be 2/(-3) - (-60)/(-18). Let q = 20 + l. What is the tens digit of (q/(-5))/(6/(-105))?
5
Let d = -436 - -540. What is the tens digit of d?
0
Suppose 4*y = 960 + 3288. What is the tens digit of y?
6
Suppose -2*q = -2*j - 6224, -2*q + 8731 = -4*j + 2497. What is the units digit of q?
7
Suppose 2*w + 5 = 29. Let z = w + -12. Suppose -4*n + 159 - 63 = z. What is the units digit of n?
4
Let r(u) = -9*u - 61. Let v be r(-7). Let t be 0 + (0 - 0) + 1. Suppose v*h - h = t. What is the units digit of h?
1
Suppose 174 = -3*p + 66. What is the units digit of p/24*(-146)/3?
3
Let p(h) = 2*h - 8. Let z be p(5). Let d = -17 + z. What is the units digit of ((-5)/d)/(4/804)?
7
Let y = -13 - -15. Suppose y*b = -x + 136, -3*b + 63 = x - 139. What is the tens digit of b?
6
Let w(j) = -7*j**2 - j + 2. Let o be w(1). What is the tens digit of ((-276)/4)/(o/8)?
9
Suppose -56 + 8 = -r. Suppose -r*w = -51*w + 372. What is the tens digit of w?
2
Let s = -471 + 261. Let k = -149 - s. What is the tens digit of k?
6
Suppose -4*x + 5*y = -4860, -25*x + 20*x + 6075 = 4*y. What is the hundreds digit of x?
2
Suppose -2*y = -3*r + 5, -4*y + 0*r = r - 11. Suppose 12 = -y*c - 5*i, 0 = -3*c - 5*i - 7 - 1. Suppose -q + 21 = c. What is the tens digit of q?
1
Let t(x) = 2*x + 2. Let m be t(6). Let h be 4/(-14) - 10/m. What is the tens digit of h + 0 + 20*1?
1
Let y(w) = w**3 + w**2 + 2*w + 3. Let h be y(0). Suppose 0 = t + h*t - 60. What is the units digit of t?
5
Let g be ((-2)/1)/(1 + 0). Let u = 305 + -293. Let w = u + g. What is the tens digit of w?
1
Suppose 25*t + 23*t - 94032 = 0. What is the units digit of t?
9
Suppose -1 = -v + 400. What is the units digit of v?
1
Let x(s) = s**2 - 3*s - 1. Let j be x(4). Suppose -6*b = -j*b - 33. Suppose b = r + 3. What is the units digit of r?
8
Suppose 0 = 3*u - 2*g + 32, -7*u = -2*u + 5*g + 20. Let a = -16 + 5. Let k = u - a. What is the units digit of k?
3
Suppose -w = -31*h + 30*h - 1249, -5*h = -w + 1253. What is the thousands digit of w?
1
Suppose -6086 = -5*a - 2*f, 0*a - 4*f + 2428 = 2*a. What is the thousands digit of a?
1
Suppose 0 = -21*p + 62773 - 2671. What is the hundreds digit of p?
8
Let q(x) be the second derivative of 7*x**3/2 - 5*x**2 + 6*x. What is the units digit of q(3)?
3
Suppose 3*u = 5*u - 328. Let q = -97 + u. What is the tens digit of q?
6
Let w = 121 + -81. What is the units digit of ((-143)/(-22))/(2/w)?
0
Suppose -3*q = -3*g + q + 4, 5*q = -g - 24. Let x = 3 - g. What is the units digit of 44/x - (-30)/(-105)?
6
Suppose -6*z + 516 = -0*z. Let w = z + -174. Let o = -40 - w. What is the units digit of o?
8
Let c(d) = d - 11. Let i be (-616)/(-42) - (-4)/(-6). Let q be c(i). Suppose q*m + 0*m = 156. What is the tens digit of m?
5
Let z(r) = 22*r**3 + 4*r**2 + 2*r - 3. Let h be z(3). Suppose 4*a - 211 = h. What is the hundreds digit of a?
2
Let n(s) = 1 - 3*s - 2 + 13*s**2 - s**2 + 5. What is the tens digit of n(3)?
0
Let a = 3 - 6. Let t be a - (-1 - 1) - -6. Suppose -t*v + 48 = -2*v. What is the units digit of v?
6
Suppose 0 = 4*q - i - 2*i - 80, 0 = -i + 4. Suppose q*r = 22*r + 49. What is the tens digit of r?
4
Suppose 2 = -s, r + 3 = -4*s - 1. Let q(v) = 18 - 8 - r - 5*v + 14*v. What is the tens digit of q(6)?
6
Let j be (1 + (-26)/14)/((-2)/28). Suppose -82 = -z - j. What is the tens digit of z?
7
Suppose 2*b - 2*j - 868 = -7*j, -b - 4*j = -437. What is the hundreds digit of b?
4
Suppose 3908 = 29*b - 28775. What is the thousands digit of b?
1
Suppose -2*t + x + 193 = 0, 4*x - 546 = -4*t - 142. Let l = -51 + t. What is the tens digit of l?
4
Suppose -6*m = -3335 - 721. What is the hundreds digit of m?
6
Suppose 4*y = y + 9. Suppose 2*d - 65 = 3*b, 4*d + y*b - 105 = 4*b. Suppose q - 8 = d. What is the units digit of q?
3
Let m(y) = 27*y - 20. Let j be m(10). Let f = j - 179. What is the tens digit of f?
7
Let s be (1 + -2)/(1 + -1 + -1). What is the units digit of 12/(-66)*s - (-818)/22?
7
Suppose 2*h + 25 = -n, n + 3*h - 8*h + 53 = 0. What is the tens digit of (n/2)/(24/(-128))?
8
Let y = 251 - 32. What is the tens digit of y?
1
Let v be 0 - 15/(-6)*-2. Let r(w) = -16*w - 5. What is the units digit of r(v)?
5
Suppose 0 = -5*n + 3*c + 3, 0*c - 2*c = 2*n + 2. Suppose n = m + 3*g - 218, 5*g + 603 = 5*m - 527. What is the hundreds digit of m?
2
Let l = 12 + -10. Suppose -q = -l*q + 3. Suppose -86 = -q*r - 17. What is the tens digit of r?
2
Let s(g) = 2*g**2 + 11*g + 21. Let l be s(-4). What is the tens digit of 434/l - (-36)/(-162)?
4
Let c(i) = i**2 - 10*i + 18. Let s be c(8). Suppose 2*l + 3*q = 188, 0*l - s*q = -l + 108. What is the units digit of l?
0
Let u = -937 - -1494. Suppose u = 4*h + 149. What is the units digit of h?
2
Suppose -o + 0*o = 15. Suppose 78 = 5*h - 52. Let f = h + o. What is the tens digit of f?
1
Let w be 10/(-5) - ((-2 - -2) + -5). Suppose 180 = 2*n + w*d - 53, -d = -5*n + 574. What is the tens digit of n?
1
Let d(p) = -1152*p - 111. What is the hundreds digit of d(-3)?
3
Let c = 188 + 1274. What is the units digit of c?
2
Let j = 366 - 5. What is the units digit of j?
1
Suppose -18 = 8*l + 6. What is the units digit of (l - -6 - -53)/2?
8
Let v(d) = -2*d**3 - 5*d**2 + 19. Let s = 34 + -40. What is the hundreds digit of v(s)?
2
Let c(z) = 3*z**2 + z + 2. Let a be (-2)/7 + (-115)/(-35). Suppose 6 + 20 = 2*d - 4*i, -9 = 2*d + a*i. What is the tens digit of c(d)?
3
Let t(d) = d**2 - 2*d - 12. Let v be t(5). Suppose -v*f + 16 = -182. What is the units digit of f?
6
Suppose 0 = -2*z + 3*z - 4. Suppose z*j - 302 = 98. What is the units digit of j?
0
Let n be (-6 + 4)*98/4. Let g = n - -108. What is the tens digit of g?
5
Let c = 118 + -80. Let q = 123 + c. What is the units digit of q?
1
Let z = 12 + -9. Suppose z*h + 53 = -109. Let f = 97 + h. What is the units digit of f?
3
Suppose 7728 = 7*s + 5*s. Suppose -s = -5*n + 66. What is the tens digit of n?
4
Suppose w - 54 = 297. Suppose -4*g = -5*s - w, -6*g + 2*g - 4*s = -396. Suppose -4*d - 206 = -3*v, 5*v + 